 121403 composite?
False
Is 269513 a prime number?
True
Is 22541 a prime number?
True
Is 35357 a composite number?
True
Is 10537 a composite number?
True
Is 7993 a prime number?
True
Is 743087 a prime number?
False
Is 338739 composite?
True
Is 5731 composite?
True
Is 3351 prime?
False
Is 2245 a composite number?
True
Is 95701 a prime number?
True
Is 108127 a composite number?
False
Is 308423 a composite number?
False
Is 19417 a composite number?
False
Is 200117 composite?
False
Is 53435 prime?
False
Is 239663 composite?
True
Is 163621 a prime number?
True
Is 1569 a prime number?
False
Is 111821 composite?
False
Is 1663 a composite number?
False
Is 1043386 a prime number?
False
Is 30631 a prime number?
True
Is 727369 composite?
False
Is 238291 a composite number?
False
Is 6089 a prime number?
True
Is 2407 composite?
True
Is 230269 prime?
False
Is 18959 prime?
True
Is 62459 a composite number?
False
Is 1824263 composite?
True
Is 21661 a composite number?
False
Is 166471 a composite number?
False
Is 1056949 a prime number?
True
Is 214759 composite?
False
Is 171883 prime?
False
Is 233321 a composite number?
True
Is 79481 a composite number?
False
Is 332699 prime?
True
Is 223013 a prime number?
False
Is 14969 composite?
False
Is 53299 a composite number?
False
Is 505027 a composite number?
False
Is 38509 a composite number?
True
Is 5506 a prime number?
False
Is 294051 composite?
True
Is 1173607 a prime number?
False
Is 8567 a composite number?
True
Is 287785 composite?
True
Is 5353 composite?
True
Is 210638 composite?
True
Is 18742 prime?
False
Is 51971 composite?
False
Is 391942 prime?
False
Is 77807 a composite number?
True
Is 4637 prime?
True
Is 30017 a prime number?
False
Is 93887 a composite number?
False
Is 412877 a composite number?
True
Is 4321 composite?
True
Is 27011 a prime number?
True
Is 413221 a composite number?
True
Is 10471 prime?
False
Is 5821 a prime number?
True
Is 2287 composite?
False
Is 329573 a prime number?
False
Is 391553 composite?
False
Is 166769 prime?
False
Is 29657 composite?
True
Is 1689418 a prime number?
False
Is 609337 composite?
False
Is 859181 a composite number?
False
Is 262807 a composite number?
False
Is 1814 prime?
False
Is 93089 prime?
True
Is 315179 a prime number?
True
Is 94279 composite?
True
Is 5063 a composite number?
True
Is 1050371 prime?
False
Is 4829 a composite number?
True
Is 361546 prime?
False
Is 630497 a composite number?
True
Is 18899 composite?
False
Is 130751 a prime number?
False
Is 65917 a composite number?
True
Is 21011 composite?
False
Is 2633 a composite number?
False
Is 143609 composite?
False
Is 4127 a composite number?
False
Is 4201 composite?
False
Is 31358 a prime number?
False
Is 1108867 a composite number?
False
Is 857039 composite?
False
Is 25153 a prime number?
True
Is 11923 a composite number?
False
Is 1040653 a composite number?
True
Is 20741 prime?
False
Is 66001 a prime number?
False
Is 3643 a composite number?
False
Is 48445 composite?
True
Is 4979 prime?
False
Is 144883 a prime number?
True
Is 1544651 a composite number?
False
Is 1644143 a composite number?
False
Is 107269 prime?
True
Is 2051 a prime number?
False
Is 18623 a composite number?
True
Is 89753 prime?
True
Is 40199 a prime number?
False
Is 191297 a prime number?
True
Is 478963 prime?
True
Is 14951 composite?
False
Is 9029 a prime number?
True
Is 89753 composite?
False
Is 173353 a composite number?
True
Is 481513 a prime number?
True
Is 228658 prime?
False
Is 12899 a composite number?
False
Is 250235 a composite number?
True
Is 7509 composite?
True
Is 37211 prime?
False
Is 16381 a prime number?
True
Is 104933 a composite number?
False
Is 295513 a composite number?
False
Is 419249 a composite number?
False
Is 353659 a composite number?
True
Is 72311 prime?
False
Is 32917 composite?
False
Is 421342 a prime number?
False
Is 207913 prime?
False
Is 106391 prime?
True
Is 84691 composite?
False
Is 563111 composite?
True
Is 479939 a prime number?
True
Is 47087 a composite number?
False
Is 672311 composite?
False
Is 8803 a composite number?
False
Is 144317 a prime number?
False
Is 61001 prime?
True
Is 26759 a composite number?
False
Is 2662097 prime?
True
Is 3683 prime?
False
Is 1932959 composite?
True
Is 26473 a prime number?
False
Is 223529 prime?
True
Is 183607 a composite number?
True
Is 129341 a composite number?
False
Is 14361 a composite number?
True
Is 247087 composite?
False
Is 3154967 a prime number?
True
Is 11299 a composite number?
False
Is 1045391 prime?
True
Is 764869 composite?
True
Is 71279 a composite number?
True
Is 630017 prime?
True
Is 81401 composite?
False
Is 75479 prime?
True
Is 2921 composite?
True
Is 105071 composite?
False
Is 47239 composite?
True
Is 1926341 a prime number?
True
Is 3587 composite?
True
Is 1847 composite?
False
Is 24593 a composite number?
False
Is 30449 a prime number?
True
Is 10705 a prime number?
False
Is 17002 composite?
True
Is 86161 a prime number?
True
Is 13751 a prime number?
True
Is 5413 composite?
False
Is 45403 a prime number?
True
Is 16127 a prime number?
True
Is 320209 a prime number?
True
Is 13537 a prime number?
True
Is 3442637 composite?
True
Is 1403527 prime?
False
Is 1071803 a prime number?
True
Is 3261 a prime number?
False
Is 41719 prime?
True
Is 29091 prime?
False
Is 8191 a composite number?
False
Is 85487 a composite number?
False
Is 6389 a prime number?
True
Is 18373 composite?
True
Is 77731 a composite number?
False
Is 237673 prime?
True
Is 184567 prime?
True
Is 16301 prime?
True
Is 1213151 composite?
False
Is 186513 prime?
False
Is 214661 a prime number?
False
Is 3341 prime?
False
Is 879 prime?
False
Is 2885 prime?
False
Is 8353 a composite number?
False
Is 53443 a composite number?
True
Is 9327 composite?
True
Is 2027 a composite number?
False
Is 293 prime?
True
Is 282959 composite?
False
Is 31957 a composite number?
False
Is 104483 a composite number?
True
Is 39521 prime?
True
Is 2941 a prime number?
False
Is 1266097 a composite number?
True
Is 42787 a prime number?
True
Is 375329 a prime number?
False
Is 100649 prime?
True
Is 8683 a composite number?
True
Is 60569 prime?
False
Is 1943 a prime number?
False
Is 4019 a composite number?
False
Is 165583 a prime number?
False
Is 15947 prime?
False
Is 48073 a prime number?
True
Is 231619 prime?
False
Is 61861 a composite number?
False
Is 611691 a prime number?
False
Is 51505 a composite number?
True
Is 269413 a composite number?
False
Is 4471 prime?
False
Is 704793 a prime number?
False
Is 2592811 a prime number?
False
Is 99949 a prime number?
False
Is 444151 a composite number?
False
Is 257773 prime?
False
Is 351409 composite?
True
Is 80083 a composite number?
True
Is 95065 a composite number?
True
Is 32105 composite?
True
Is 809 a prime number?
True
Is 28643 prime?
True
Is 80059 a prime number?
False
Is 42467 composite?
False
Is 28931 prime?
False
Is 4561 prime?
True
Is 85787 a composite number?
True
Is 101419 a composite number?
False
Is 23347 a composite number?
True
Is 133753 a prime number?
False
Is 5399 composite?
False
Is 18839 a prime number?
True
Is 8663 prime?
True
Is 4861 a prime number?
True
Is 46049 a composite number?
False
Is 136717 a composite number?
True
Is 1540465 composite?
True
Is 51851 composite?
True
Is 979085 composite?
True
Is 142689 prime?
False
Is 10771 a prime number?
True
Is 541 prime?
True
Is 15259 a composite number?
False
Is 22105 a composite number?
True
Is 192749 composite?
False
Is 109831 prime?
True
Is 517 a prime number?
False
Is 142079 a composite number?
True
Is 77869 a composite number?
True
Is 40441 a prime number?
False
Is 264211 a composite number?
False
Is 179651 a composite number?
False
Is 1604399 a composite number?
False
Is 196319 a composite number?
True
Is 15787 a prime number?
True
Is 3683 a prime number?
False
Is 1399 a prime number?
True
Is 47597 composite?
True
Is 597763 a composite number?
True
Is 78931 a composite number?
True
Is 526607 a prime number?
False
Is 44629 prime?
False
Is 23761 composite?
False
Is 120671 a prime number?
True
Is 29031 a composite number?
True
Is 12014 composite?
True
Is 40539 composite?
True
Is 30631 composite?
False
Is 5287 prime?
False
Is 586765 composite?
True
Is 1142249 a composite number?
True
Is 9197 a composite 